-12 - (-14 + 7 + -1)) + -14.
52
Evaluate 114 + -56 - 59 - (1 - (1 - -1) - 108).
108
What is (21 - 2 - (157 - 122)) + -8?
-24
Calculate -15308 + 15390 - ((1 - 52) + 2).
131
0 + (10 - 16 - (6 - 3)) + 1
-8
Evaluate -6 + 1 + -2 - (-2 - 19 - (222 + -239)).
-3
Calculate -97 - (-249 - (-90 + 43)).
105
What is 12 + (-27 - ((-13 - -14) + -30))?
14
Evaluate 20 + (26 - (-2 + 51)).
-3
Calculate (29 - (37 + -81)) + -105.
-32
What is the value of (-1 + 45 + -4 - (-71 - -82)) + 2?
31
Calculate (1 - 35) + (809 - 809) + 1 + 9.
-24
What is the value of 22 + (-13 + -15 + 48 - 61)?
-19
What is the value of 6 - 160 - (79 + -102) - -21?
-110
What is (14 + -34 - (-39 + -5)) + -8 + -120?
-104
What is the value of -30 + 13 + 5 + (-5 - -2) + -30?
-45
Evaluate 0 + 1 - -1 - (-444 + 385) - 4.
57
Evaluate -1 + 0 + (-12 - -14) - (-15 - -46).
-30
What is the value of 15 - (-30 + 54) - (1 - (3 + -2))?
-9
What is 1 + 1 + -30 + -3043 + 3046?
-25
Calculate -70 + 0 - (-14 + (-118 - -123)).
-61
Evaluate (135 - 178 - (75 + -7)) + 45.
-66
Calculate -124 + 282 + -256 - (2 - -16 - 2).
-114
Evaluate -2 + 1 + 14 + 1071 + -1078.
6
Calculate (-2 - -3 - -87) + (23 - 27) + (77 - 76).
85
What is 15 - (-2 + -3 + -8 - (13 + -24))?
17
What is -4 + 7 - ((8 - (1 - 0)) + 1 - -39)?
-44
Calculate ((-23 - -10) + 24 - -3) + -7.
7
(13 - (-4 - -8)) + -46 + (7 - -10)
-20
What is the value of -2 + (0 - 7 - (-84 + 74)) + -4 + -19?
-22
What is the value of 20 + (-21 - (-41 + 20) - (3 - 9))?
26
(6 - (-4 + 6)) + 5 - ((165 - 38) + -79)
-39
27 + -12 + (-38 - (14 + -21)) - -63
47
140 + -200 - (10 + 9 + 0 + -11)
-68
(16 - (10 + -1 + -4)) + (-113 - -114)
12
Evaluate -29 + 51 - -7 - 91.
-62
0 - 0 - (95 + (-44 - (20 + -41)) + 1)
-73
What is 58 + -50 - (23 - (3 - -47))?
35
What is the value of -9 - -7 - (-11 + 22 + -14) - (4 - 52)?
49
Evaluate 2 - 5 - (0 + -1 + 6 - (224 - 227)).
-11
Calculate 162 + -131 - (-14 + (0 - 6)).
51
What is the value of -44 - (-24 - -9) - (43 + -113)?
41
What is (59 - 44) + (-5 - (1 - (-1 + 3))) - -7?
18
(-41 - -28) + 26 - (61 - -1)
-49
What is the value of 258 + -235 + (-106 - 10)?
-93
Calculate 54 - (68 + -47 + 4).
29
What is 3 + (-22 - -55 - 43)?
-7
What is -31 - (-76 + -55) - 44?
56
(2 - 3) + -7 + ((-32 - -24) + 21 - -10)
15
Calculate (84 - (-20 + 21)) + -41 + 50.
92
What is 269 + -222 + (8 - 16)?
39
Evaluate 419 + -316 + 6 + 0 - (2 - (-6 + 3)).
104
What is the value of -12 + 17 - (32 + (0 + -15 + 6 - 1))?
-17
(-50 - 3) + -3 + (-186 - (-175 - -8))
-75
5 + -24 + (52 - 32) + 0 + 2
3
Evaluate (38 + -60 - -47) + (-2 - -15).
38
Calculate -1 + -9 + (-5 - -4) + -10 + (65 - 63).
-19
What is the value of (40 - (12 - -20 - -30)) + 17?
-5
What is the value of 9 + (0 - -2) + (-1883 - -1903)?
31
What is the value of -33 + (30 - 14) + 53 - 10?
26
Evaluate -11 - 53 - (29 + -107).
14
Evaluate 22 + -7 + -26 - (10 + -4 + -7).
-10
7 + 44 - (-4 + 20)
35
Evaluate (134 + -56 - 210) + 74.
-58
-104 - (0 + (67 - 198))
27
What is the value of 3 - -9 - ((1 - (-3 - -1)) + -5 - -8)?
6
What is 2 + -1 + (11 + -6 - -6 - (-49 - -41))?
20
-56 + (5 - (-109 - -65))
-7
What is the value of 17 + 12 - 17 - -30?
42
What is the value of 59 + 0 + (-31 - 40)?
-12
((76 - 36) + -51 - -8) + 1 + 90
88
Evaluate (-898 - -833) + 40 + 12.
-13
1 + -27 + (33 - (20 + 20)) - (12 + -3)
-42
Calculate 112 + (-25 - -40 - 77).
50
Evaluate -17 - (-8 - (-8 - (-43 + 22))).
4
Evaluate (1 - 1) + (29 + -88 + 22 - -21).
-16
What is (-58 - (-97 - -53)) + -13?
-27
(-1 - -3 - ((-5 - 4) + 8)) + -128 + 96
-29
Calculate (15 - -56) + -79 + -25.
-33
What is the value of -40 + -221 - -223 - (-67 + 0)?
29
What is the value of (6 - -26) + -11 + -38 - 0?
-17
What is the value of (-30 - 4) + 22 + (25 - 31)?
-18
70 - 119 - -120 - -58
129
Calculate 126 - (63 + 0 + -104 + 85).
82
Evaluate 7 - 0 - (-12 + -5 - (12 + -5 - -9)).
40
What is the value of 1527 - 1563 - (-5 + 18 + -6)?
-43
What is the value of -12 + (0 - -13) + -18 + (2 - -3)?
-12
Evaluate (18 - (24 - (-2 + 17))) + 64 + -5.
68
Evaluate -1 + 8 - (-12 - (-29 + 1) - 13 - -117).
-113
What is the value of 3 + (64 + -44 - 95)?
-72
What is -3 - (-38 + 65 - -2)?
-32
-1 + 67 + -3 + (-4 + -18 - -12)
53
Evaluate (29 - 3 - 5) + (84 + -25 - 44).
36
What is 31 + 7 + -55 + 1?
-16
56 - (25 - (13 - 68))
-24
What is the value of 134 - (11 + 34) - 9?
80
Evaluate 1 + (35 - 48) + -14 - (2 - 9).
-19
Calculate -15 - ((-6 - -59) + -73).
5
Calculate -1 + 1 + 5 + 53 - (1762 + -1756).
52
Calculate -28 - -12 - (-28 - -16).
-4
What is the value of 86 - (-3 + -9 + 25 + -26 + 4 + 6)?
89
-108 + 0 - (4292 + -4354)
-46
Evaluate -67 + 74 + -126 + 128.
9
What is the value of -48 + -6 + 8 + 11 + -30 + -1 + 5?
-61
What is the value of (-4 - 22) + 26 + -4 - (31 - (-3 - -2))?
-36
(125 - 101) + -117 - -161
68
Evaluate -20 + (-19 - -1 - 4).
-42
-11 + (-2 + -43 - (-1 + -2)) - (11 - 2)
-62
Calculate 0 - 12 - (32 + -5 - (18 - 3)).
-24
Calculate (-162 - -112 - -133) + -53.
30
-2 - -1 - (-9 - 1) - (10 - -4)
-5
Calculate -9 + (-16 - (-17 + -21 + 18)).
-5
What is 37 + (-65 - (45 + -58))?
-15
What is the value of 21 - (49 - (-53 + 122))?
41
Evaluate -2 - (-9 + 2 - (-114 - (40 - 22) - -12)).
-115
What is -25 + (4 - 8) + 10 + 7 + -11?
-23
Evaluate -1 + -1 + (10 - (-40 - -23)) + -4.
21
Evaluate -2 - 11 - (47 - 61).
1
What is the value of (-28 - -12) + 13 - 18 - (11 + -3 - 4)?
-25
Calculate -44 + -67 - (-22 - (0 + 8)).
-81
What is -43 - (-13 + (11 - 12) + 31) - 2?
-62
What is 105 + -189 + (-13 - -25)?
-72
Calculate -5 + (4 - ((9 - -9) + -30)).
11
Calculate -1 + 1112 + -1109 + (-1 - (31 + 1)).
-31
Evaluate 50 + (19 - 16) + -5 + -3 + -1.
44
Calculate -43 + -19 + (16 - 12) + 39.
-19
Evaluate (-3 - (1 - -1)) + (137 - 148) + 2 + 39.
25
Evaluate 57 + -5 + -21 - -9 - -5.
45
What is the value of -123 + -45 + -50 + 71 + 35?
-112
Calculate 8 - (980 + -955 + (-71 - 0)).
54
What is the value of (-2 + -7 - (-79 - -75)) + 2?
-3
Calculate 23 - (-6 - 1 - (248 + -239)).
39
(126 - (-8 - -7)) + (-11 - -48 - 59)
105
What is the value of 44 + (0 - 2) + 2 + (-70 - 43) + 120?
51
What is -3 - (-140 - -34) - -10?
113
-132 + (53 - -134) + -11
44
Evaluate -6 + 4 + (-8 - -26 - (-80 + 14)).
82
What is the value of -12 + 12 + 17 + 1 - -17?
35
-1 - -143 - (-9 + -11 + 13) - (-12 + 13)
148
What is -1 + -96 + 54 + 19?
-24
Evaluate -14 + 16 - ((-18 - (9 + -20)) + (-2 - -38)).
-27
What is 769 - 758 - (4 + (-3 - (6 - 0)))?
16
Evaluate -216 + 223 + (-5 - (14 - 26)) + 73 + 0.
87
Evaluate 25 - (-2 - (7 + -3) - -6) - (127 + -142).
40
(0 - 41) + (-85 - -234) + -146
-38
35 - ((12 - -53) + 45)
-75
What is -23 - ((55 - (50 - 8)) + -13)?
-23
What is the value of 28 - ((30 - (14 + -12)) + 57)?
-57
Calculate 4 - -1 - -2 - (64 - 0 - (268 - 255)).
-44
-1 - 24 - (9 + -17) - (-128 - -29)
82
What is 2 - -1 - (18 + (-4 - (-8 - -13))) - -22?
16
Evaluate -85 + (-6 - -5) + -12 + (17 - 7) + -7.
-95
161 + (-25 - 53) + -7
76
What is (4 - (-24 - -11)) + (-14 - 4) + -102?
-103
Evaluate (25 - 60) + 24 - (7 + (2 - 24)).
4
Calculate (-14 - -83) + 15 + -60.
24
-31 + -14 + (4 - -46)
5
Calculate (28 - -12) + -41 + -21.
-22
842 + -874 + (33 - (2 - 2))
1
450 - 185 - 268 - (2 - 1 - 54 - 2)
52
Evaluate -2 - 1 - -83 - (3467 - 3453).
66
Evaluate -106 - (-7 - (26 + (-16 - 11))) - (-8 + 0).
-92
What is the value of -639 + 546 + (13 + -7 - 9)?
-96
Calculate (6 - -125) + (-20 - -63 - 41) + (-1 - 3).
129
Evaluate 101 - (22 - ((0 - -47) + 196 + -218)).
104
What is 18 + 19 + (9 - 17) + -67?
-38
-27 + 50 + -115 - -48
-44
What is 10 + (-60 - -42) + (0 - 3) + 34?
23
Evaluate 48 - 3 - (6352 + -6390).
83
Evaluate -46 - (10 + -42 + 6) - 26.
-46
What is 22 + 1 + (37 - (38 + -23) - 17)?
28
Calculate (9 - ((1 - -3) + 2)) + -3 + 10 - -10.
20
What is the value of -14 + (4 - 13) + 0 - (-34 - 63)?
74
What is 2 + (6 - 19) - 8 - (26 + -98)?
53
Calculate (2 - (-20 - -20)) + (2 - 11) + 26 + -25.
-6
27 - (-10 + (21 - -1) + -38)
53
What is (4 - -47) + (43 + -56 - (-6 - -1))?
43
-4 + -4 + 3 + 11 - (124 + -164)
46
What is -12 + (28 - 17 - -1 - 15) + 16?
1
124 - (-28 + 92) - 29
31
What is 25 + (1 + 15 - (7 - (17 - 12)))?
39
(-12 - (-3 - 15)) + (2 + -1 - (40 - -4))
-37
What is -1331 + 1386 - (3 + 1) - (6 - -6)?
39
What is the value of -188 + 52 - (-26 - (20 - 23))?
-113
Evaluate (-25 - (7 - (7 + 15)) - 13) + -16.
-39
0 + 0 - (-5 - (-25 + -80))
-100
Evaluate (1